{"id":94,"date":"2020-12-20T13:57:14","date_gmt":"2020-12-20T12:57:14","guid":{"rendered":"http:\/\/vefoun-didg.com\/?page_id=94"},"modified":"2020-12-25T15:06:44","modified_gmt":"2020-12-25T14:06:44","slug":"fabrication-entretien","status":"publish","type":"page","link":"https:\/\/vefoun-didg.com\/?page_id=94","title":{"rendered":"Fabrication et entretien"},"content":{"rendered":"\t\t<div data-elementor-type=\"wp-page\" data-elementor-id=\"94\" class=\"elementor elementor-94\" data-elementor-settings=\"[]\">\n\t\t\t\t\t\t<div class=\"elementor-inner\">\n\t\t\t\t\t\t\t<div class=\"elementor-section-wrap\">\n\t\t\t\t\t\t\t<section class=\"elementor-section elementor-top-section elementor-element elementor-element-e241025 elementor-section-boxed elementor-section-height-default elementor-section-height-default\" data-id=\"e241025\" data-element_type=\"section\">\n\t\t\t\t\t\t<div class=\"elementor-container elementor-column-gap-default\">\n\t\t\t\t\t\t\t<div class=\"elementor-row\">\n\t\t\t\t\t<div class=\"elementor-column elementor-col-100 elementor-top-column elementor-element elementor-element-76944ff\" data-id=\"76944ff\" data-element_type=\"column\">\n\t\t\t<div class=\"elementor-column-wrap elementor-element-populated\">\n\t\t\t\t\t\t\t<div class=\"elementor-widget-wrap\">\n\t\t\t\t\t\t<div class=\"elementor-element elementor-element-c7024d8 elementor-widget elementor-widget-text-editor\" data-id=\"c7024d8\" data-element_type=\"widget\" data-widget_type=\"text-editor.default\">\n\t\t\t\t<div class=\"elementor-widget-container\">\n\t\t\t\t\t<div class=\"elementor-text-editor elementor-clearfix\"><p>Bon je ne vais pas trop donner de d\u00e9tails, secret de fabrication oblige, mais voil\u00e0 dans les grandes lignes comment se passe la fabrication d&rsquo;un didgeridoo: Je coupe mon agave en 2, je trace mes diff\u00e9rents diam\u00e8tres suivant la note que je veux obtenir, ensuite je creuse mes deux parties \u00e0 la gouge. Vient apr\u00e8s le recollage \u00e0 la r\u00e9sine \u00e9poxy avec 3 couches \u00e0 l&rsquo;int\u00e9rieur du didg (ensuite 1 de peinture rouge et 2 de vernis aquar\u00e9thane).<\/p><p>Pour l&rsquo;ext\u00e9rieur, il ne me reste plus qu&rsquo;\u00e0 ajuster la note avec l&#8217;embouchure en bois, puis y mettre une couche de r\u00e9sine \u00e9poxy ainsi que 3 couches de vernis.<\/p><\/div>\n\t\t\t\t<\/div>\n\t\t\t\t<\/div>\n\t\t\t\t<div class=\"elementor-element elementor-element-ea4792a elementor-widget elementor-widget-text-editor\" data-id=\"ea4792a\" data-element_type=\"widget\" data-widget_type=\"text-editor.default\">\n\t\t\t\t<div class=\"elementor-widget-container\">\n\t\t\t\t\t<div class=\"elementor-text-editor elementor-clearfix\"><p>Il est possible de faire un renfort en fibre de verre pour ceux qui voyagent, ceux qui sont brise-fer, ceux qui ne sont pas m\u00e9ticuleux et enfin ceux qui ont peur de le casser !\u00a0<\/p><\/div>\n\t\t\t\t<\/div>\n\t\t\t\t<\/div>\n\t\t\t\t\t\t<\/div>\n\t\t\t\t\t<\/div>\n\t\t<\/div>\n\t\t\t\t\t\t\t\t<\/div>\n\t\t\t\t\t<\/div>\n\t\t<\/section>\n\t\t\t\t<section class=\"elementor-section elementor-top-section elementor-element elementor-element-504a009 elementor-section-boxed elementor-section-height-default elementor-section-height-default\" data-id=\"504a009\" data-element_type=\"section\">\n\t\t\t\t\t\t<div class=\"elementor-container elementor-column-gap-default\">\n\t\t\t\t\t\t\t<div class=\"elementor-row\">\n\t\t\t\t\t<div class=\"elementor-column elementor-col-100 elementor-top-column elementor-element elementor-element-e41577f\" data-id=\"e41577f\" data-element_type=\"column\">\n\t\t\t<div class=\"elementor-column-wrap elementor-element-populated\">\n\t\t\t\t\t\t\t<div class=\"elementor-widget-wrap\">\n\t\t\t\t\t\t<div class=\"elementor-element elementor-element-7bb24fb elementor-widget elementor-widget-heading\" data-id=\"7bb24fb\" data-element_type=\"widget\" data-widget_type=\"heading.default\">\n\t\t\t\t<div class=\"elementor-widget-container\">\n\t\t\t<h2 class=\"elementor-heading-title elementor-size-default\">L'entretien<\/h2>\t\t<\/div>\n\t\t\t\t<\/div>\n\t\t\t\t<div class=\"elementor-element elementor-element-9ab8f66 elementor-widget elementor-widget-text-editor\" data-id=\"9ab8f66\" data-element_type=\"widget\" data-widget_type=\"text-editor.default\">\n\t\t\t\t<div class=\"elementor-widget-container\">\n\t\t\t\t\t<div class=\"elementor-text-editor elementor-clearfix\"><p>Placez votre instrument de fa\u00e7on l\u00e9g\u00e8rement inclin\u00e9e dans un coin s\u00fbr, \u00e0 l\u2019abri de toutes ch\u00fbtes \u00e9ventuelles.<br \/>Ne mettez jamais votre didgeridoo en \u00e9quilibre pr\u00e9caire, ou pr\u00e8s d&rsquo;un passage fr\u00e9quent\u00e9. \u00c9vitez l&rsquo;exposition au soleil, ainsi que tout choc thermique et hygrom\u00e9trique (fen\u00eatres, chauffages \u00e9lectriques ou autres, courants d&rsquo;air&#8230; )<\/p><\/div>\n\t\t\t\t<\/div>\n\t\t\t\t<\/div>\n\t\t\t\t<div class=\"elementor-element elementor-element-d35062c elementor-widget elementor-widget-heading\" data-id=\"d35062c\" data-element_type=\"widget\" data-widget_type=\"heading.default\">\n\t\t\t\t<div class=\"elementor-widget-container\">\n\t\t\t<h3 class=\"elementor-heading-title elementor-size-default\">Au moment de jouer<\/h3>\t\t<\/div>\n\t\t\t\t<\/div>\n\t\t\t\t<div class=\"elementor-element elementor-element-0176c6c elementor-widget elementor-widget-text-editor\" data-id=\"0176c6c\" data-element_type=\"widget\" data-widget_type=\"text-editor.default\">\n\t\t\t\t<div class=\"elementor-widget-container\">\n\t\t\t\t\t<div class=\"elementor-text-editor elementor-clearfix\"><p>\u00c9vitez autant que possible de poser ou de frotter votre didgeridoo sur un sol rugueux. Cela endommagerait \u00e0 terme le vernis et la r\u00e9sine \u00e9poxy qui prot\u00e8gent votre instrument, ouvrant alors la voie aux fissures et autres probl\u00e8mes.<\/p><p>Si vous devez jouer dans la rue, emportez avec vous un morceau de rev\u00eatement de sol plastifi\u00e9 afin de poser l&rsquo;extr\u00e9mit\u00e9 de votre instrument dessus, vous conserverez ainsi le vernis et la r\u00e9sine \u00e9poxy de fa\u00e7on optimale.<\/p><\/div>\n\t\t\t\t<\/div>\n\t\t\t\t<\/div>\n\t\t\t\t<div class=\"elementor-element elementor-element-d0a9422 elementor-widget elementor-widget-heading\" data-id=\"d0a9422\" data-element_type=\"widget\" data-widget_type=\"heading.default\">\n\t\t\t\t<div class=\"elementor-widget-container\">\n\t\t\t<h3 class=\"elementor-heading-title elementor-size-default\">Transport<\/h3>\t\t<\/div>\n\t\t\t\t<\/div>\n\t\t\t\t<div class=\"elementor-element elementor-element-7fd4ffc elementor-widget elementor-widget-text-editor\" data-id=\"7fd4ffc\" data-element_type=\"widget\" data-widget_type=\"text-editor.default\">\n\t\t\t\t<div class=\"elementor-widget-container\">\n\t\t\t\t\t<div class=\"elementor-text-editor elementor-clearfix\"><p>Quand vous transportez votre instrument, prot\u00e9gez-le autant que possible des variations climatiques, l&rsquo;id\u00e9al \u00e9tant de le placer dans une housse imperm\u00e9able et rembourr\u00e9e<\/p><\/div>\n\t\t\t\t<\/div>\n\t\t\t\t<\/div>\n\t\t\t\t<div class=\"elementor-element elementor-element-18ad83f elementor-widget elementor-widget-heading\" data-id=\"18ad83f\" data-element_type=\"widget\" data-widget_type=\"heading.default\">\n\t\t\t\t<div class=\"elementor-widget-container\">\n\t\t\t<h3 class=\"elementor-heading-title elementor-size-default\">Nettoyage:<\/h3>\t\t<\/div>\n\t\t\t\t<\/div>\n\t\t\t\t<div class=\"elementor-element elementor-element-0f26f18 elementor-widget elementor-widget-text-editor\" data-id=\"0f26f18\" data-element_type=\"widget\" data-widget_type=\"text-editor.default\">\n\t\t\t\t<div class=\"elementor-widget-container\">\n\t\t\t\t\t<div class=\"elementor-text-editor elementor-clearfix\"><p>Utiliser un chiffon humide et du savon doux (\u00e9ventuellement) pour l&rsquo;ext\u00e9rieur et l&rsquo;int\u00e9rieur. Enfin, utiliser un chiffon sec pour finir. Ne pas utiliser d&rsquo;huile ou de diluant<\/p><\/div>\n\t\t\t\t<\/div>\n\t\t\t\t<\/div>\n\t\t\t\t\t\t<\/div>\n\t\t\t\t\t<\/div>\n\t\t<\/div>\n\t\t\t\t\t\t\t\t<\/div>\n\t\t\t\t\t<\/div>\n\t\t<\/section>\n\t\t\t\t\t\t<\/div>\n\t\t\t\t\t\t<\/div>\n\t\t\t\t\t<\/div>\n\t\t","protected":false},"excerpt":{"rendered":"<p>Bon je ne vais pas trop donner de d\u00e9tails, secret de fabrication oblige, mais voil\u00e0 dans les grandes lignes comment se passe la fabrication d&rsquo;un didgeridoo: Je coupe mon agave en 2, je trace mes diff\u00e9rents diam\u00e8tres suivant la note que je veux obtenir, ensuite je creuse mes deux parties \u00e0 la gouge. Vient apr\u00e8s le recollage \u00e0 la r\u00e9sine \u00e9poxy avec 3 couches \u00e0 l&rsquo;int\u00e9rieur du didg (ensuite 1 de peinture rouge et 2 de vernis aquar\u00e9thane). Pour l&rsquo;ext\u00e9rieur, il ne me reste plus qu&rsquo;\u00e0 ajuster la note avec l&#8217;embouchure en bois, puis y mettre une couche de r\u00e9sine \u00e9poxy ainsi que 3 couches de vernis. Il est possible de faire un renfort en fibre de verre pour ceux qui voyagent, ceux qui sont brise-fer, ceux qui ne sont pas m\u00e9ticuleux et enfin ceux qui ont peur de le casser !\u00a0 L&rsquo;entretien Placez votre instrument de fa\u00e7on l\u00e9g\u00e8rement inclin\u00e9e dans un coin s\u00fbr, \u00e0 l\u2019abri de toutes ch\u00fbtes \u00e9ventuelles.Ne mettez jamais votre didgeridoo en \u00e9quilibre pr\u00e9caire, ou pr\u00e8s d&rsquo;un passage fr\u00e9quent\u00e9. \u00c9vitez l&rsquo;exposition au soleil, ainsi que tout choc thermique et hygrom\u00e9trique (fen\u00eatres, chauffages \u00e9lectriques ou autres, courants d&rsquo;air&#8230; ) Au moment de jouer \u00c9vitez autant que possible de poser ou de frotter votre didgeridoo sur un sol rugueux. Cela endommagerait \u00e0 terme le vernis et la r\u00e9sine \u00e9poxy qui prot\u00e8gent votre instrument, ouvrant alors la voie aux fissures et autres probl\u00e8mes. Si vous devez jouer dans la rue, emportez avec vous un morceau de rev\u00eatement de sol plastifi\u00e9 afin de poser l&rsquo;extr\u00e9mit\u00e9 de votre instrument dessus, vous conserverez ainsi le vernis et la r\u00e9sine \u00e9poxy de fa\u00e7on optimale. Transport Quand vous transportez votre instrument, prot\u00e9gez-le autant que possible des variations climatiques, l&rsquo;id\u00e9al \u00e9tant de le placer dans une housse imperm\u00e9able et rembourr\u00e9e Nettoyage: Utiliser un chiffon humide et du savon doux (\u00e9ventuellement) pour l&rsquo;ext\u00e9rieur et l&rsquo;int\u00e9rieur. Enfin, utiliser un chiffon sec pour finir. Ne pas utiliser d&rsquo;huile ou de diluant<\/p>\n","protected":false},"author":1,"featured_media":0,"parent":0,"menu_order":0,"comment_status":"closed","ping_status":"closed","template":"","meta":[],"_links":{"self":[{"href":"https:\/\/vefoun-didg.com\/index.php?rest_route=\/wp\/v2\/pages\/94"}],"collection":[{"href":"https:\/\/vefoun-didg.com\/index.php?rest_route=\/wp\/v2\/pages"}],"about":[{"href":"https:\/\/vefoun-didg.com\/index.php?rest_route=\/wp\/v2\/types\/page"}],"author":[{"embeddable":true,"href":"https:\/\/vefoun-didg.com\/index.php?rest_route=\/wp\/v2\/users\/1"}],"replies":[{"embeddable":true,"href":"https:\/\/vefoun-didg.com\/index.php?rest_route=%2Fwp%2Fv2%2Fcomments&post=94"}],"version-history":[{"count":38,"href":"https:\/\/vefoun-didg.com\/index.php?rest_route=\/wp\/v2\/pages\/94\/revisions"}],"predecessor-version":[{"id":416,"href":"https:\/\/vefoun-didg.com\/index.php?rest_route=\/wp\/v2\/pages\/94\/revisions\/416"}],"wp:attachment":[{"href":"https:\/\/vefoun-didg.com\/index.php?rest_route=%2Fwp%2Fv2%2Fmedia&parent=94"}],"curies":[{"name":"wp","href":"https:\/\/api.w.org\/{rel}","templated":true}]}}